se 81060 = -24*h + 44*h. Let a = 17414 + h. Is a a composite number?
False
Let g be (4 - (-1634)/7)/((-1)/(-7)). Let v = g + -2646. Is (v/(-32))/(6/88) a composite number?
True
Suppose -5*j + 7*j + 2 = 0, x - 207884 = -5*j. Is x prime?
False
Let h be (3 + 44/(-20))/(2/5). Is (-2548425)/(-195) - h/(-13) prime?
False
Let o(c) = -2*c + 9*c - 33 + 7*c**2 + 10*c**2 + 13*c**2. Is o(-10) a prime number?
True
Suppose -1071 + 3297 = x. Suppose 5*n - 67 = 4*s, -8*n = -6*n - 2*s - 26. Is x/n - 4/(80/(-12)) prime?
True
Suppose 5*z - 2*j - 96 = -1, 5*z + 4*j - 65 = 0. Let c = 22 - z. Suppose 2*k - y - 1634 = 0, -5*k - c*y + 2527 = -1528. Is k composite?
True
Let q = 552 - 545. Suppose -x + 4*n = -20970, -2*x - q*n = -12*n - 41943. Is x a composite number?
True
Suppose 34*r = 23*r + 268312. Suppose 75*f - 83*f = -r. Is f composite?
False
Suppose 7*i - 4*i = l - 64581, 5*i + 25 = 0. Suppose 0 = 35*v - 53*v + l. Is v a prime number?
False
Suppose -13557 - 23130 = 7*a. Let k = -11380 - a. Let h = -4260 - k. Is h a composite number?
False
Let m = -58 + 61. Suppose -t + 2*q = 2*t - 2268, 2280 = m*t + 2*q. Suppose -11*s + t = 175. Is s prime?
True
Let s(q) be the third derivative of -61*q**6/48 + 11*q**5/120 + 3*q**4/8 + 17*q**2. Let p(i) be the second derivative of s(i). Is p(-4) a composite number?
False
Suppose -1194 - 889 = -a. Let n = a - -1188. Is n prime?
True
Is (-268)/6*(-9381)/118 composite?
True
Is (23694792/660)/(2/5) prime?
True
Let g(a) = a**3 + 5*a**2 - 13. Let u be g(-4). Suppose -17 = -u*w + 3*d - d, -4*d = 3*w - 29. Suppose -5*p - w*p + 4908 = 0. Is p a composite number?
False
Suppose 2*p - 13*p - 6754 = 0. Let d = p + 1975. Is d a prime number?
True
Let z(l) = -l**2 + 10*l + 100. Let b be z(16). Suppose b*n - 2476 = -312. Is n a prime number?
True
Let a = 93 + 6. Let o = 87 - a. Is ((-1071)/o + 4)/((-1)/(-4)) composite?
False
Let c(i) = 4201*i**2 + 2*i - 2. Let l = -14 - -15. Let p be c(l). Let b = p - 2982. Is b a prime number?
False
Suppose -345*k + 183521497 = -208207718. Is k a prime number?
False
Suppose 25*a = -155887 + 593812. Is a composite?
True
Let f(l) = l**2 + 15*l + 14. Let k be f(-1). Is 4 + -1 + k + 5*814 prime?
True
Let x be -15*((-2)/5 - 136/(-40)). Let j(w) = 3*w**2 + 9*w - 2. Let v be j(4). Let n = v + x. Is n a prime number?
True
Let p be (-2)/((-4)/(-54)) - 4. Let b = -33 - p. Let t(y) = -780*y - 1. Is t(b) a prime number?
True
Let n be (-2383)/(-4) - (-5)/4. Let i = 2330 + n. Is i a composite number?
False
Let t be (-1)/(-9)*12*27. Suppose 32*c + 24908 = t*c. Is c a composite number?
True
Let s = 183522 + 6985. Is s a prime number?
True
Is (-6)/8 + (-2485683)/(-4) + -9 + 8 a composite number?
False
Is -4 + (-46)/(-12) + -107*22145/(-6) a composite number?
True
Let d be (-308)/66*(-60)/(-14). Is (1 - (d/5 - 0))*419 a prime number?
False
Let l be 9/15 + (-89)/10*-6. Suppose -55*u + 1936 = -l*u. Let s = u + -555. Is s a prime number?
True
Let f(t) = 198*t - 110. Let p(y) = -66*y + 37. Let w(j) = -3*f(j) - 8*p(j). Let r be w(-9). Suppose n = -g + r, g + 76 = n - 558. Is n composite?
False
Suppose 2*w + 6*m - m - 26065 = 0, -4 = -4*m. Let j = w + -1747. Is j prime?
False
Suppose 44763795 = -259*w + 228500726. Is w prime?
True
Let i be -2*95 + (1 - 3). Is (-882648)/i + 1/(-8) a composite number?
False
Let y be 2232 - (1 - (-16)/(-2)). Suppose -l - 7110 = -4*l. Suppose y = 11*n - l. Is n a prime number?
True
Let r(x) = x**3 + 18*x**2 - 19*x - 15. Let t be r(-19). Let g(d) = -d**3 - 14*d**2 + 18*d + 35. Let z be g(t). Is (-3)/9 + z/(-3) - -704 prime?
False
Let a be -4 + 0 + (-150)/(-15). Suppose a*o - 8579 = -413. Is o composite?
False
Suppose 0 = -5*k + 197327 + 27708. Is k prime?
True
Let b(p) = -67 + 67 + 358*p**2. Let r be b(1). Let k = r - 243. Is k prime?
False
Let s(j) be the first derivative of 182*j**2 + 93*j + 63. Is s(23) prime?
False
Let g = 4399985 + -2893296. Is g prime?
True
Suppose 0 = -2*k + p + 32399, -20*k + 3*p = -143430 - 180581. Is k composite?
True
Suppose 0*t + t = 33. Suppose 2 = -5*g + 2*w - 43, 4*g = w - t. Let x(h) = -3*h**3 + 7*h**2 - 13*h + 18. Is x(g) a prime number?
True
Let r = 187 + -181. Let q(y) = 143*y + 19. Is q(r) composite?
False
Let c(t) = -202787*t + 709. Is c(-6) composite?
True
Suppose 30*w - 1122989 - 590330 - 1235831 = 0. Is w prime?
False
Let x = -7 - -32. Suppose 3*z - 8*z = -x. Suppose z*r - 766 = 79. Is r a composite number?
True
Suppose -3*h - 352 = -388. Suppose 4*m = z + 2040, -2*z - 517 = -h*m + 11*m. Is m prime?
True
Let q(u) be the second derivative of -29*u**3/6 - 29*u**2/2 + 13*u. Let k be q(8). Let g = k + 708. Is g prime?
False
Suppose -6*a = 5*a + 77. Is (-2044)/(-1) - a/28*4 prime?
False
Let t(u) = 15 + 376*u + 17 - 30 + 567*u. Is t(3) prime?
False
Suppose -40 - 28 = -4*c - 4*y, -4*y = -c + 37. Suppose 5*o + c*o = 139282. Is o composite?
True
Let t(r) = r**3 - 23*r**2 + 2*r - 21. Let y be t(18). Let s = y + 3196. Is s composite?
True
Is (-1)/((-10)/1867975) + 136/16 + -7 a composite number?
False
Is 1/(-2)*1312152/12*(-2 - -1) a prime number?
True
Let p(f) = -6*f + 67. Let j be p(9). Suppose 2*y + 18*q - j*q - 25643 = 0, -4*y - q + 51277 = 0. Is y a prime number?
False
Let n = 6185 - 754. Let h = n - -3720. Is h a prime number?
True
Let l be 94304/(-84)*18/4. Let d = -3326 - l. Is d a prime number?
False
Let d(h) = 5*h**2 - 6*h - 57. Let v = 313 - 299. Is d(v) a composite number?
False
Let s be 5/(-40)*178*-4. Suppose q = -2, -5*q + s = 2*x - 535. Suppose 0 = 10*y - 11*y + x. Is y composite?
False
Let o be (-30)/(-300) - (-242)/(-20). Suppose 2*x - 126 = -2*k - 0*k, -5*k + 327 = x. Is (-1010)/o + 55/k a prime number?
False
Suppose 15*l - 805 = -21715. Let k = 3343 + l. Is k a composite number?
False
Let d(k) = -744*k**3 - 2*k**2 - 5*k - 4. Let t be (-6)/(24/2)*2. Is d(t) a composite number?
False
Let s be (8/4)/(1/28). Suppose 22547 = -s*q + 57*q. Is q prime?
False
Let r(d) be the third derivative of d**4/8 - 16*d**3/3 - 11*d**2. Let k be r(12). Suppose k*t - 2060 = 1224. Is t a composite number?
False
Let d be (-110)/(-4)*(-128)/80. Let c = d - -40. Is (1135/c)/(4/(-16)) prime?
False
Is (867093/2)/((-42)/(-28)) a prime number?
True
Suppose 5*a = 5, 3*q - 5*q + 1964668 = 2*a. Is q composite?
True
Suppose 4*b = -2*c + 15952, -3*c = -b - 0*c + 3974. Suppose -3*o + 4*m = 8*m + 11958, -4*m + b = -o. Let i = o - -7189. Is i prime?
True
Let a(u) = 3*u**2 + 10*u - 15. Let w be a(-5). Let d be w/(70/(-20)*4/(-7)). Suppose d*p - 2*b - 31586 = p, 0 = 3*b + 9. Is p a composite number?
True
Let k(w) = 17*w**2 - 16*w + 36. Let v(h) = -33*h**2 + 32*h - 71. Let i(m) = 9*k(m) + 4*v(m). Is i(9) composite?
False
Suppose t + 1208 = 2*a + 25241, 2*t - 3*a = 48064. Is t a composite number?
False
Let g(i) = 2*i - 18. Let r be g(10). Let q be 3 + -3 + r*14. Suppose -645 = -31*t + q*t. Is t a composite number?
True
Suppose 0 = -3*r - 3*j + 2206311, -735437 = -643*r + 642*r - 5*j. Is r composite?
True
Suppose -2*c + 1551364 = 2*n, -4*n - 827 + 839 = 0. Is c prime?
False
Let r be ((9 - -31)/(-4))/2. Let j(a) = 900*a**2 + 20*a + 59. Is j(r) composite?
True
Let p(g) = 3*g**2 + 0*g + 5*g - 1 + 0*g**2 - 2*g**2. Let f be p(-6). Suppose -f*t = u - 402, t + 408 = -u + 2*u. Is u a composite number?
True
Let z(k) = k**2 - 18*k + 60. Let w be z(18). Suppose 4*b + w = 640. Is b prime?
False
Suppose 20*h - 180671 = h. Suppose 14*t - h - 19373 = 0. Is t composite?
False
Suppose -3*n - 73 = 5*r, -3*r = -2*n + 4*n + 43. Let x be (-36)/306 + 219/r. Is (-3954)/x + 2/(-13) - -3 prime?
True
Suppose 15 = 5*r, 2*l - 17 = -7*r + 6*r. Suppose b + 5*y - 8576 = 0, -l*y = 3*b - 4*y - 25740. Is b prime?
True
Let t be 2*(6/4 - 2)*0. Suppose -5*y + 15 = t, 3*y - y - 4 = 2*j. Let b(q) = 420*q**2 - 2*q + 1. Is b(j) a composite number?
False
Suppose -d - 283959 - 75746 = -b, -7*d = 5*b - 1798477. Is b a composite number?
False
Let w = 23923 + 6747. Suppose w = 5*y - 5*o, 10*y - 30690 = 5*y + o. Is y prime?
False
Let y be (5 - 5)/((-1)/(1/(-4))). Suppose -3*s + y*s - k + 16541 = 0, -5*s - 3*k = -27571. Is s composite?
True
Let m(n) = 4*n + 9. Let w(s) = 20*s + 44. Let r(i) = -24*m(i) + 5*w(i). Let t be r(1). Is 1 + (2434 - t/(-4)) a composite number?
False
Suppose 15*x + 29040530 = 145*x + 2023020. Is x a composite number?